 3*c + 2*p - 34 = 0, -p + 10 = 4*p. Suppose -5*d - c = -0*d. What is the units digit of ((-1)/(-2))/(d/(-36))?
9
Let d be (42/(-18))/((-2)/(-6)). Let f(n) = 0*n**2 + 7*n**2 - 6*n + 8 + n**3 - n**2. What is the units digit of f(d)?
1
Let p = 24 - -56. What is the units digit of p?
0
Let y be (1/(-3))/(5/165). Let d = 41 + y. What is the tens digit of d?
3
Let y = 4 + 0. Let l(i) = -y + 3*i - 8 + 3. What is the units digit of l(6)?
9
Suppose g + 8 + 12 = -4*v, 2*g + v = -5. Let f(k) be the second derivative of k**3/6 + 6*k**2 + 3*k. What is the units digit of f(g)?
2
Let b(x) = 5*x**2 + 3*x + 3. Suppose 0*u - 3*u = 6. What is the units digit of b(u)?
7
What is the units digit of (-2 + 1)*30*2/(-2)?
0
Let y(w) = w**2 + 9*w - 13. Let v be y(-10). What is the tens digit of ((-3)/3)/(v/93)?
3
Let o(q) = 5*q**3 - 8*q**2 + 3*q - 17. What is the hundreds digit of o(5)?
4
Suppose o + 2*l = 54, -220 = -2*o - 2*o - 4*l. What is the tens digit of o?
5
Let n = -188 + 192. What is the units digit of n?
4
Let h = 373 - 200. What is the units digit of h?
3
Suppose -h + 0*h = -3*q - 166, -4*q = 3*h + 217. Let o = q - -93. What is the tens digit of o?
3
Let s(j) = 2*j**2 - 11*j + 6. Let m(i) = -4*i**2 + 22*i - 13. Let y(t) = -4*m(t) - 7*s(t). What is the units digit of y(7)?
1
Let t(l) = -14*l - 73. What is the units digit of t(-15)?
7
Suppose -3*r = -78 - 123. What is the units digit of r?
7
Suppose 14 = -i + m, 0 = 5*m + 5 - 0. Let g be i/(-10) + (-2)/(-4). Suppose -4*w + 29 = -f, -g*w + f + 3 + 10 = 0. What is the units digit of w?
8
Let c(t) = 4*t**2 - 7*t - 12. What is the units digit of c(5)?
3
Suppose -6*u = -3*d - u + 20, -2*d - 3*u = 12. Suppose 5*g - 2*f - f = 10, d = -2*g - 4*f + 30. What is the units digit of g?
5
Let g = 859 + -1444. Let p be g/25 - 3/5. What is the units digit of (p/(-3) - -1) + -1?
8
Let z = -13 + 81. What is the units digit of z?
8
Let b = -2160 - -3684. What is the tens digit of b/54 - 4/18?
2
Suppose c - 4 = 3*j, -c = 3*c + 5*j + 69. Let r = c + 30. Suppose -4*g + 5 = -r. What is the units digit of g?
6
Suppose -4*u + 2*h + 1 + 1 = 0, -5*u - 5*h + 25 = 0. Let j(v) = 17 + 0 + u - v. What is the units digit of j(10)?
9
Let p = -3 + 6. Suppose 0 = -m - p*m. Suppose 5*c - 2 - 3 = m. What is the units digit of c?
1
Let c(b) be the second derivative of 0*b**3 - 4*b + 5/2*b**2 + 1/12*b**4 + 1/20*b**5 + 0. What is the units digit of c(0)?
5
Let j(y) = 2*y**2 - 4*y + 7. Let m be 4 + (-3)/(0 - -3). What is the tens digit of j(m)?
1
Let v = 170 + 242. What is the units digit of v?
2
Let a(h) be the first derivative of -3*h**2/2 - 2*h + 3. What is the units digit of a(-3)?
7
Let u(z) = z + z - 5*z - 7. What is the tens digit of u(-6)?
1
Let f = -1 - -4. What is the units digit of 1/((f/(-21))/(-1))?
7
Let i(n) = n. Let a be i(3). Suppose a*s + 22 = 4*s. What is the units digit of s?
2
Let s(x) = -x + 5. Let b be s(8). Let k = 2 - b. What is the units digit of k?
5
Let y(x) = x**3 - 7*x**2 + 6*x - 9. Let n be y(6). Let f = 19 - 22. Let o = f - n. What is the units digit of o?
6
Let x be (-1 - -1) + -6 + -1. Let h(g) = g**3 + 6*g**2 - 7*g + 8. What is the units digit of h(x)?
8
Let n be (-12)/(-54) - (-68)/18. Let y(c) = 0 - 5 + 3*c + 0*c. What is the units digit of y(n)?
7
Let x = -5 + 6. Suppose -c - l = -x - 9, 0 = c - 4*l - 10. What is the tens digit of c?
1
Suppose 3*v = -5 - 10. Suppose -13 = -4*w + 7. Let y = w - v. What is the tens digit of y?
1
Let a = -44 - -8. Let l be (-3 - 0) + a/(-6). Suppose -l*c + 2*c = -11. What is the tens digit of c?
1
Suppose 4*u = 3*f - 7*f + 64, -3*u = 2*f - 27. What is the units digit of f?
1
Let w be (-8)/(-44) - (-68)/(-11). What is the tens digit of w/12 - 46/(-4)?
1
Let o be 2/(-7) + 122/(-14). What is the units digit of (-190)/(-45) + 2/o?
4
Let k = -6 + 8. Suppose -h = k + 1. Let l = -1 - h. What is the units digit of l?
2
Let v(w) = -w**3 - 5*w**2 - 5*w + 3. Let d be v(-4). Suppose 2*a + 3 = d. Suppose -2*f + a = -4. What is the units digit of f?
3
Suppose -5 = -4*s + 3*s. Suppose 3*c + 0*c - 28 = 4*n, -2*c + s*n = -7. What is the tens digit of c?
1
Let j(t) = 11*t - 1 - 12*t + 8. What is the tens digit of j(-6)?
1
Let q(n) = -n**3 - 3*n**2 + 2*n + 5. Let v be q(-4). Suppose v = -3*k + 19. What is the units digit of k?
2
Let a be (-17)/(-2) - (-2)/(-4). Suppose 4*m - 12 = a*m. What is the tens digit of (-4)/m*(1 + 8)?
1
Let u(q) = 0 + q - 3 - 4. Let o be u(5). What is the units digit of o - -2 - (-3 - 7)?
0
Let p be (-2)/(-8) - 50/8. Let k(g) be the second derivative of -g**4/12 - 4*g**3/3 - 9*g**2/2 - 2*g. What is the units digit of k(p)?
3
Let m = 5 - 0. Suppose 0 = m*p - 152 - 23. Suppose 4*f + f = p. What is the units digit of f?
7
Let j be 2/(5/(-2) - -3). What is the tens digit of (-3)/6*j*-6?
1
Let s(d) = -d**2 - 5*d - 11. Let z be s(5). Let b = -40 - z. What is the tens digit of b?
2
Let y(h) = h**3 + 10*h**2 + 11*h - 7. Let w be y(-9). Let t = w + 35. What is the units digit of t?
0
Let y = 8 - 5. Let j(r) = r**3 + 3*r**2 + y*r**3 - r - 2*r**2. What is the units digit of j(1)?
4
Let j = -75 + 352. What is the units digit of j?
7
Suppose 2*t = 5*q + 48, q + 4*t = 4*q + 40. Let u = 34 + q. What is the tens digit of u?
2
Suppose -3*q + 0 = -9. Suppose 8*u - q*u = 135. What is the tens digit of u?
2
Let l = -16 + 20. Suppose -2*v - v + t = -9, 3*v = l*t + 9. What is the units digit of v?
3
Let i(r) = 6*r**3 + 1. Let h be i(1). Let u = h + -11. What is the units digit of (-9)/u*24/9?
6
What is the tens digit of -36*(-2)/4*1?
1
Suppose 5*f + 4*g + 0*g - 36 = 0, -28 = -4*f - 3*g. Let j be (-67)/f - 3/12. Let p = j - -30. What is the units digit of p?
3
What is the units digit of (-4)/24 - (-373)/6?
2
Let b(s) = -s**3 + 7*s**2 + s - 7. Let a be b(7). Suppose 2*v - 2*o - 16 = 0, 4*v + a*v - 31 = 3*o. What is the units digit of v?
7
Suppose -2*r - 76 = -3*f + 2*f, 4*f = -8. Let o = r + 58. What is the units digit of o?
9
Let d(z) = z - 1. Let l be d(-6). What is the units digit of (l/1)/((-2)/6)?
1
What is the units digit of (-12)/(-42) + (-94)/(-14)?
7
Let m(f) = -f**3 + f + 14. Let b be m(0). What is the tens digit of ((-36)/(-21))/(2/b)?
1
Let r(h) = 8*h**3. Let o be r(1). Suppose -7*g - 1 = -o*g. What is the units digit of g?
1
Let z(s) = 8*s - 2. Let w be z(9). Suppose 3*y - b - 43 = b, 5*y - 3*b = w. What is the tens digit of y?
1
What is the hundreds digit of -3 + 306 - (1 + 2 - -1)?
2
What is the units digit of 6/(-4)*(-90)/3?
5
Let l be (-259)/(-9) + 4/18. Let c = l + -5. Suppose 3*a - g - 18 = 3*g, -4*a + c = 2*g. What is the units digit of a?
6
Let t(d) = d + 36. What is the units digit of t(-18)?
8
Let m be (-1 + 4)*(-20)/(-6). Suppose 4*x - m = 74. What is the tens digit of x?
2
Suppose b + 3*h = 44, 0 = -5*b + h + 4*h + 220. What is the units digit of b?
4
Suppose 3*n + 15 = 5*n - 3*h, -45 = -5*n + 5*h. Let x = -3 - 5. Let o = x + n. What is the units digit of o?
4
Let m be 3/6*-14*-5. Suppose -3*g = -22 - m. What is the units digit of g?
9
Let i be (-2)/(-12) + 61/(-6). What is the units digit of (-4 + 3)*(i + 2)?
8
Suppose 15 = -c - q + 4, -3*c + q - 53 = 0. What is the units digit of (c/6)/((-6)/81)?
6
Let s(h) = -h**3 - 9*h**2 - 9*h - 7. Let o be s(-8). What is the tens digit of o*(1 + 0 - -10)?
1
Suppose 6*a - a - 4*h - 120 = 0, -h + 48 = 2*a. What is the units digit of a?
4
Suppose m + 2 + 3 = 0. Let j(b) = b**3 + 9*b**2 + 10*b. Let w be j(-7). What is the units digit of 2/m + w/20?
1
Let n(y) = -y**2 + 10*y - 13. Let d be n(9). What is the units digit of d/(-14) + 36/21?
2
Suppose 0 = -2*w - 5*z + 50, -w + 10 = 5*z - 5. What is the units digit of w?
5
Suppose -7*a + 92 = -3*a. What is the tens digit of a?
2
Let b = -21 - -16. Let k = 21 + b. What is the units digit of k?
6
What is the units digit of 22 - (3 - (-1 - -3))?
1
What is the units digit of (1 - 16)/3*198/(-6)?
5
Suppose 2*p = 5*k - 31, -4*k + 32 = -3*p + 3. What is the units digit of -15*((-7)/k - -1)?
6
Let c be ((-1)/(-1) - 0) + 1. Let d be c/3*36/8. What is the units digit of ((-24)/18)/((-1)/d)?
4
Suppose 74 = 5*q - 2*g, -4*g = -3*q + g + 52. What is the units digit of q?
4
Suppose -12*o + 14 = -10*o. What is the units digit of o?
7
Suppose -b - 2*b = 0. Let l = 4 - b. What is the units digit of l?
4
Let g 